12. Give h(0).
12
Let x(f) = -f**3 - 9*f**2 + 5*f + 2. What is x(-9)?
-43
Let g(r) = r**2 - 7*r + 4. Determine g(5).
-6
Let u(m) = -m**3 + 13*m**2 - 38*m - 8. Give u(8).
8
Let h(p) = -p**3 - 13*p**2 - 14*p - 21. Give h(-12).
3
Let r(f) = -20*f - 66. Give r(-4).
14
Let w(s) = 13*s - 1. Calculate w(-2).
-27
Let p(r) = -r + 16. Calculate p(0).
16
Let l(t) = -2*t**3 + 13*t**2 - 6*t + 7. Calculate l(5).
52
Let v(q) = -q**3 - 21*q**2 + 21*q - 23. What is v(-22)?
-1
Let m(f) = -6*f - 29. Give m(-4).
-5
Let r(v) = 2*v**2 + 118*v - 8. What is r(-59)?
-8
Let r(t) = 17*t + 24. Give r(-2).
-10
Let l(b) = 3*b**2 + 5*b + 6. Determine l(-2).
8
Let w(d) = -2*d**3 - 2*d**2 - 4. Give w(-3).
32
Let l(b) = b**3 - 18*b**2 + b - 13. What is l(18)?
5
Let p(h) = h**3 - h**2 - 2*h + 6. What is p(4)?
46
Let u(j) = j**3 - 29*j**2 - 2*j + 59. What is u(29)?
1
Let k(n) = -n**2 - 41*n + 277. Calculate k(6).
-5
Let t(y) = y**2 + 6*y + 3. Calculate t(-4).
-5
Let h(v) = -v**3 + v**2 + 3*v + 11. Give h(5).
-74
Let u(v) = -v**2 - 4*v - 13. Give u(-4).
-13
Let l(p) = 6*p - 9. Determine l(7).
33
Let k(x) = 3*x**2 - 5*x - 4. Determine k(4).
24
Let x(h) = 2*h**2 + 14*h + 9. Give x(-8).
25
Let k(b) = -b**3 - 14*b**2 - 11*b + 29. Give k(-13).
3
Let r(d) = d**3 - 6*d**2 + 2*d + 11. Determine r(5).
-4
Let r(t) = -3*t**3 + 59*t**2 + 22*t - 15. Give r(20).
25
Let r(b) = -b**3 + 13*b**2 - 12*b + 16. Determine r(12).
16
Let q(d) = -d**3 - 6*d**2 - d - 6. What is q(-6)?
0
Let c(p) = -p**3 + 7*p**2 - 5*p. Determine c(6).
6
Let n(v) = v**3 + 24*v**2 + 25*v - 12. Determine n(-23).
-58
Let c(b) = -b**3 + 13*b**2 + 14*b - 12. Give c(14).
-12
Let u(o) = -2*o**2 - 12*o + 10. Determine u(-6).
10
Let t(h) = -2*h + 21. Calculate t(10).
1
Let b(j) = j**2 - 6*j - 2. Give b(3).
-11
Let x(c) = -c**3 - 3*c**2 - 3*c. What is x(-2)?
2
Let c(f) = 11*f + 1. Calculate c(-2).
-21
Let a(i) = -2*i**2 + 21*i + 12. What is a(11)?
1
Let b(t) = -3*t + 2. What is b(2)?
-4
Let h(f) = f**3 + 14*f**2 - 14. Give h(-14).
-14
Let v(b) = -7*b**3 - b**2 - 7*b - 7. Calculate v(-1).
6
Let z(k) = k**3 - 20*k**2 - k + 23. Give z(20).
3
Let b(p) = -5*p + 121. Give b(15).
46
Let d(r) = -r**2 + 15*r - 22. Determine d(13).
4
Let a(f) = -2*f**2 + 27*f - 14. Give a(13).
-1
Let q(a) = -a**3 - 13*a**2 - 19*a + 18. What is q(-11)?
-15
Let m(g) = g**3 + 4*g**2 + 3*g + 6. Give m(-3).
6
Let q(u) = 20*u**3 - u**2 + 5*u + 7. Give q(-1).
-19
Let a(l) = -3*l**2 - 109*l - 37. Give a(-36).
-1
Let u(d) = d**2 - 17*d + 3. Determine u(9).
-69
Let i(o) = o**3 - 3*o**2 + 1. Give i(4).
17
Let l(t) = -4*t**2 - t + 7. Determine l(-3).
-26
Let w(m) = -m + 19. Calculate w(11).
8
Let p(u) = -u - 11. Calculate p(-11).
0
Let k(l) = l**3 + 7*l**2 - 11*l - 27. Determine k(-8).
-3
Let g(c) = -11*c**2 - 14*c + 6. Give g(-2).
-10
Let j(h) = h**2 - 7*h - 10. Determine j(9).
8
Let x(w) = -4*w + 9. Calculate x(6).
-15
Let v(l) = -2*l**2 - 20*l - 57. Give v(-5).
-7
Let r(p) = -5*p - 5. Determine r(-5).
20
Let i(j) = -j**3 - 9*j**2 - 10*j - 3. What is i(-8)?
13
Let z(a) = a**2 + 24*a + 34. Determine z(-20).
-46
Let w(i) = -2*i**2 - 31*i + 16. Give w(-16).
0
Let q(b) = -b**2 - 6*b + 9. Give q(-9).
-18
Let o(b) = -b**2 - 25*b - 104. Give o(-5).
-4
Let k(u) = u**3 - 11*u**2 - 14*u + 17. What is k(12)?
-7
Let q(o) = -2*o**3 - o**2 + 2*o. Determine q(-2).
8
Let m(j) = -j**2 + 7*j + 3. Give m(6).
9
Let x(j) = j**3 - 9*j**2 + 9*j - 4. Calculate x(8).
4
Let s(k) = -3*k**2 - 13*k + 1. Determine s(-4).
5
Let o(a) = -2*a**3 - 25*a**2 + 9*a - 7. What is o(-13)?
45
Let z(n) = -10*n**3 - 2*n**2 - 2*n + 2. Determine z(1).
-12
Let f(l) = 2*l**2 + 15*l + 14. Calculate f(-9).
41
Let f(r) = 2*r + 2. Calculate f(-4).
-6
Let m(n) = n**3 - 20*n**2 + 34*n + 49. Calculate m(18).
13
Let l(s) = 2*s + 15. Give l(-8).
-1
Let m(t) = 7*t + 5. Calculate m(9).
68
Let b(z) = 13*z - 69. Give b(5).
-4
Let v(y) = y**3 + 9*y**2 - y + 1. Determine v(-9).
10
Let i(c) = c**3 + 5*c**2 + 2*c - 1. Give i(-4).
7
Let d(y) = 6*y + 22. Determine d(-6).
-14
Let h(n) = n + 13. What is h(-11)?
2
Let x(c) = c**3 - 17. What is x(0)?
-17
Let m(k) = 49*k + 155. Determine m(-3).
8
Let n(p) = p**3 - 8*p**2 - 8*p + 4. What is n(9)?
13
Let h(j) = -3*j + 3. Give h(-8).
27
Let v(n) = 3*n**2 - 4*n - 1. Determine v(2).
3
Let f(g) = -23*g + 102. Give f(4).
10
Let z(p) = -p**2 - 12*p - 17. Determine z(-10).
3
Let s(y) = 2*y - 4. Calculate s(-5).
-14
Let n(j) = 2*j**3 - 32*j**2 - 7*j + 9. Give n(16).
-103
Let u(x) = -x**2 + 12*x + 51. Give u(-3).
6
Let a(s) = -s**3 - 17*s**2 - 29*s + 26. What is a(-15)?
11
Let g(f) = 9*f - 3. Determine g(2).
15
Let r(o) = -10*o - 266. Give r(-26).
-6
Let v(n) = -4*n**3 + 2*n + 1. What is v(2)?
-27
Let s(v) = v**2 + 10*v - 19. What is s(3)?
20
Let i(k) = -k**3 + k**2 + 7. Calculate i(0).
7
Let p(y) = 2*y + 12. Determine p(-2).
8
Let q(n) = -3*n - 38. Give q(3).
-47
Let m(v) = -3*v**2 + 3*v + 1. What is m(-2)?
-17
Let v(r) = r**3 - 4*r**2 + 2*r - 1. Calculate v(4).
7
Let s(j) = 10*j**2 + j - 4. What is s(1)?
7
Let m(t) = t**3 + 11*t**2 - 30*t - 52. What is m(-13)?
0
Let c(h) = -h + 6. Determine c(6).
0
Let c(k) = -k**3 - 2*k**2 + 5*k - 2. Determine c(-4).
10
Let j(b) = -2*b**2 + 2*b + 32. Determine j(-7).
-80
Let m(n) = -2*n - 30. What is m(-13)?
-4
Let c(o) = o**2 - 26*o - 46. Determine c(27).
-19
Let w(t) = -t**3 - 9*t**2 + 22*t - 6. Calculate w(-11).
-6
Let i(l) = l - 21. What is i(15)?
-6
Let x(z) = -z**2 + 2*z + 3. Determine x(-3).
-12
Let g(c) = -14*c**2 + 2*c + 1. Calculate g(2).
-51
Let c(r) = r**3 + 11*r**2 - 24*r + 12. Give c(-13).
-14
Let n(a) = 3*a**2 + 6*a - 6. Calculate n(-5).
39
Let i(c) = 8*c - 3. Determine i(-1).
-11
Let n(u) = -u**3 + 10*u**2 - 4*u - 2. Determine n(9).
43
Let f(u) = 3*u**2 + 3. Give f(0).
3
Let b(d) = -d**2 - d + 12. Calculate b(-4).
0
Let f(v) = v**3 - 5*v**2 - 14*v + 13. Calculate f(7).
13
Let w(b) = b**2 + 22*b - 79. Determine w(-25).
-4
Let u(c) = -16*c + 685. Give u(43).
-3
Let m(x) = -x**3 - 14*x**2 - 12*x - 11. Determine m(-13).
-24
Let t(c) = -c**2 + 13*c - 8. Calculate t(12).
4
Let z(i) = -7*i**3 - 2*i**2 + 1. What is z(-1)?
6
Let u(m) = m**3 + m**2 - 9*m + 15. Determine u(2).
9
Let i(t) = -t**2 + 12*t + 15. Give i(13).
2
Let b(n) = -65*n**3 - 4*n**2 - 2*n. Give b(-1).
63
Let h(c) = -c**2 + 3*c + 12. Determine h(7).
-16
Let v(m) = 3*m + 8. What is v(-4)?
-4
Let b(z) = -31*z**2 + 3*z + 1. What is b(-1)?
-33
Let o(g) = -g**3 - 13*g**2 - 18*g - 39. Determine o(-12).
33
Let g(w) = -131*w - 258. Determine g(-2).
4
Let y(c) = c**3 + 8*c**2 + 4*c + 9. What is y(-7)?
30
Let n(c) = -c**2 - 12*c - 4. What is n(-5)?
31
Let n(m) = m**3 - 9*m**2 - 2*m + 37. Give n(9).
19
Let z(n) = 2*n**2 - 10*n + 10. What is z(4)?
2
Let x(g) = 57*g - 140. Give x(2).
-26
Let m(b) = 3*b**3 - 16*b**2 + 6. What is m(5)?
-19
Let z(p) = -p**2 - 3*p + 2. Calculate z(3).
-16
Let j(p) = -p**3 - 9*p**2 - 9*p + 2. Give j(-8).
10
Let r(f) = 26*f - 130. Calculate r(5).
0
Let g(w) = w**3 - 7*w**2 - 8*w - 2. Determine g(8).
-2
Let d(v) = v**3 - 2*v - 9. What is d(-4)?
-65
Let f(x) = -14*x - 41. Calculate f(-6).
43
Let h(f) = 5*f - 15. Determine h(-10).
-65
Let j(a) = 4*a - 3. Determine j(-6).
-27
Let m(q) = q + 22. What is m(-7)?
15
Let f(o) = o**3 + 4*o**2 + 13. Determine f(-4).
13
Let y(a) = a**3 + 9*a**2 + 11*a + 2. Calculate y(-8).
-22
Let v(d) = 4*d - 31. Determine v(6).
-7
Let p(o) = 20*o**3 + 5*o**2 + 5*o - 3. What is p(-2)?
-153
Let x(g) = 5*g - 7. What is x(-4)?
-27
Let f(y) = -y**3 - 2*y**2 - 1. Give f(-3).
8
Let j(i) = -i**2 + 11*i - 23. Calculate j(7).
5
Let c(o) = -o - 5. Determine c(0).
-5
Let x(q) = -q - 10. What is x(5)?
-15
Let h(a) = a**2 + 9*a - 38. Determine h(-12).
-2
Let i(u) = -7*u - 21. Give i(-5).
14
Let i(y) = 2*y + 42. Calculate i(-22).
-2
Let l(t) = 6*t - 13. What is l(-4)?
-37
Let m(r) = -r**3 - r**2 + 19. Determine m(0).
19
Let f(v) = -v**2 - 2. What is f(0)?
-2
Let n(h) = -h**3 + 6*h**2 - 13*h + 17. Give n(6).
-61
Let x(a) = 7*a + 68. Determine x(-14).
-30
Let k(l) = l**3 - 20*l**2 + 19*l - 9. What is k(19)?
-9
Let n(y) = -y - 28. Give n(-16).
-12
Let r(a) = a**2 + 11*a + 14. What is r(-8)?
-10
Let d(o) = 7*o - 20. Calculate d(-4).
-48
Let p(n) = -n**3 + 5*n - 6. Give p(3).
-18
Let f(l) = l**3 - 9*l**2 - l + 16. Calculate f(9).
7
Let u(x) = -x + 7. Give u(6).
1
Let v